ue
Is 207276 a multiple of 23?
True
Is 1944 a multiple of 197?
False
Does 32 divide 384?
True
Is 2 a factor of 332?
True
Is 4844 a multiple of 173?
True
Does 137 divide 1937?
False
Is 10 a multiple of 3?
False
Does 30 divide 14580?
True
Is 35 a factor of 142727?
False
Is 312 even?
True
Does 93 divide 3813?
True
Is 4602 a multiple of 26?
True
Is 5 a factor of 525?
True
Is 1656 a multiple of 9?
True
Is 276 a multiple of 58?
False
Is 1140 a multiple of 57?
True
Is 37 a factor of 1011?
False
Is 443 a factor of 73538?
True
Is 1485 a multiple of 11?
True
Is 1701 a multiple of 27?
True
Is 10676 a multiple of 212?
False
Does 25 divide 103150?
True
Is 5418 a multiple of 13?
False
Is 10 a factor of 2887?
False
Does 35 divide 1193?
False
Is 12 a factor of 4697?
False
Is 551 a multiple of 7?
False
Is 69 a factor of 13722?
False
Does 23 divide 2208?
True
Is 21 a factor of 47418?
True
Does 139 divide 28912?
True
Is 36 a factor of 2448?
True
Does 21 divide 2163?
True
Is 2 a factor of 796?
True
Is 21409 a multiple of 37?
False
Is 185 a factor of 1665?
True
Does 43 divide 860?
True
Does 95 divide 5320?
True
Is 3089 a multiple of 26?
False
Does 24 divide 21948?
False
Is 4 a factor of 36?
True
Is 140 a multiple of 3?
False
Is 229 a factor of 16316?
False
Does 44 divide 810?
False
Is 1430 a multiple of 11?
True
Does 51 divide 2502?
False
Is 39274 a multiple of 73?
True
Is 24 a factor of 28502?
False
Does 136 divide 134580?
False
Is 165 even?
False
Is 623 a multiple of 7?
True
Does 5 divide 7185?
True
Is 29 a factor of 1100?
False
Is 22959 a multiple of 9?
True
Is 380 a multiple of 19?
True
Does 7 divide 651?
True
Is 14136 a multiple of 62?
True
Is 248 a multiple of 15?
False
Is 32 a factor of 763?
False
Is 152 a factor of 10184?
True
Is 7 a factor of 8474?
False
Is 195 a multiple of 13?
True
Does 150 divide 5550?
True
Is 1522 a multiple of 136?
False
Is 3540 a multiple of 20?
True
Is 41 a factor of 2214?
True
Is 11 a factor of 23771?
True
Is 8899 a multiple of 8?
False
Does 47 divide 348?
False
Is 91 a factor of 1001?
True
Does 8 divide 528?
True
Is 21 a factor of 77133?
True
Is 77 a factor of 11411?
False
Is 8325 a multiple of 45?
True
Does 14 divide 47348?
True
Is 5277 a multiple of 30?
False
Does 12 divide 2379?
False
Is 16 a factor of 2868?
False
Is 504 a multiple of 21?
True
Is 2952 a multiple of 8?
True
Is 9 a factor of 6066?
True
Is 67 a factor of 1005?
True
Is 420 a multiple of 42?
True
Is 16 a factor of 1993?
False
Is 2060 a multiple of 20?
True
Is 8 a factor of 560?
True
Is 34 a factor of 339?
False
Does 16 divide 19672?
False
Does 6 divide 12?
True
Is 4470 a multiple of 36?
False
Is 93 a multiple of 4?
False
Is 1152 a multiple of 48?
True
Is 1848 a multiple of 14?
True
Does 69 divide 39261?
True
Is 15000 a multiple of 75?
True
Does 15 divide 1699?
False
Is 107 a multiple of 10?
False
Is 352 a multiple of 44?
True
Is 59184 a multiple of 27?
True
Is 21 a factor of 43617?
True
Does 49 divide 392?
True
Does 10 divide 1512?
False
Does 25 divide 1875?
True
Is 11 a factor of 1331?
True
Is 9 a factor of 5562?
True
Does 58 divide 3054?
False
Does 68 divide 3093?
False
Is 47 a multiple of 2?
False
Does 5 divide 9346?
False
Is 2821 a multiple of 31?
True
Is 1539 a multiple of 9?
True
Is 517 a multiple of 47?
True
Is 19 a factor of 3439?
True
Is 2 a factor of 32?
True
Does 91 divide 91?
True
Is 108 a factor of 5409?
False
Is 13 a factor of 22763?
True
Is 21 a factor of 8074?
False
Is 3364 a multiple of 58?
True
Does 23 divide 3140?
False
Is 13976 a multiple of 192?
False
Does 24 divide 9574?
False
Does 27 divide 6723?
True
Is 11 a factor of 1122?
True
Is 143 a factor of 1691?
False
Does 7 divide 231?
True
Does 45 divide 1395?
True
Is 45 a factor of 3684?
False
Is 13 a factor of 2168?
False
Is 20686 a multiple of 110?
False
Is 4 a factor of 155?
False
Is 51 a factor of 16116?
True
Is 13 a factor of 42655?
False
Is 1771 a multiple of 77?
True
Does 126 divide 1764?
True
Is 656 a multiple of 8?
True
Does 192 divide 66402?
False
Is 210 a multiple of 30?
True
Does 42 divide 23152?
False
Is 217 a multiple of 31?
True
Does 15 divide 18975?
True
Is 64 a factor of 7360?
True
Is 9 a factor of 9690?
False
Is 75 a factor of 1200?
True
Is 168 a multiple of 35?
False
Is 79 a factor of 237?
True
Is 103395 a multiple of 11?
False
Does 6 divide 1584?
True
Does 40 divide 6840?
True
Is 96 a factor of 617?
False
Is 7 a factor of 28?
True
Is 1694 a multiple of 14?
True
Is 3560 a multiple of 40?
True
Is 3564 a multiple of 27?
True
Does 28 divide 57008?
True
Is 24756 a multiple of 12?
True
Does 20 divide 620?
True
Does 62 divide 895?
False
Does 66 divide 24059?
False
Is 21 a factor of 28?
False
Does 113 divide 122251?
False
Does 111 divide 16650?
True
Is 893 a multiple of 103?
False
Does 89 divide 104397?
True
Is 3 a factor of 2107?
False
Is 120843 a multiple of 19?
False
Is 68 a factor of 2720?
True
Does 20 divide 40?
True
Is 22 a factor of 1006?
False
Is 3700 a multiple of 100?
True
Is 6578 a multiple of 110?
False
Is 3741 a multiple of 43?
True
Is 18924 a multiple of 6?
True
Is 1964 a multiple of 4?
True
Does 125 divide 14664?
False
Is 157 a multiple of 4?
False
Is 3421 a multiple of 245?
False
Does 39 divide 1800?
False
Does 8 divide 8354?
False
Is 83 a factor of 3371?
False
Is 55 a factor of 32945?
True
Is 205 a factor of 51865?
True
Is 1911 a multiple of 13?
True
Is 588 a multiple of 40?
False
Does 294 divide 40572?
True
Is 32 a factor of 8416?
True
Does 36 divide 563?
False
Is 1153 a multiple of 16?
False
Is 19 a factor of 361?
True
Is 31 a factor of 4027?
False
Does 370 divide 62530?
True
Is 5553 a multiple of 159?
False
Is 16 a factor of 22640?
True
Is 219 a multiple of 28?
False
Is 80774 a multiple of 125?
False
Is 37 a factor of 2594?
False
Does 37 divide 112924?
True
Is 475 a multiple of 4?
False
Is 12 a factor of 4764?
True
Does 96 divide 1028?
False
Is 15558 a multiple of 6?
True
Is 2732 a multiple of 10?
False
Is 36 a factor of 1128?
False
Does 9 divide 1399?
False
Does 10 divide 2830?
True
Does 5 divide 2137?
False
Is 4141 a multiple of 101?
True
Is 14 a factor of 308?
True
Is 53 a factor of 2544?
True
Is 9752 a multiple of 13?
False
Does 14 divide 103331?
False
Does 16 divide 368?
True
Does 15 divide 12359?
False
Is 12949 a multiple of 55?
False
Is 21 a factor of 7917?
True
Is 4 a factor of 592?
True
Is 5 a factor of 1225?
True
Is 57386 a multiple of 14?
True
Does 61 divide 2185?
False
Is 5 a factor of 24405?
True
Does 35 divide 26775?
True
Is 8 a factor of 1730?
False
Does 16 divide 9024?
True
Does 10 divide 919?
False
Is 9410 a multiple of 10?
True
Is 353 a factor of 30358?
True
Is 66 a factor of 2398?
False
Does 85 divide 16065?
True
Is 3720 even?
True
Is 11 a factor of 934?
False
Is 164 a multiple of 7?
False
Does 54 divide 4305?
False
Is 3 a factor of 244?
False
Does 12 divide 431?
False
Is 14 a factor of 11437?
False
Is 3593 a multiple of 3?
False
Does 4 divide 580?
True
Is 29 a factor of 14140?
False
Does 8 divide 3655?
False
Does 2 divide 689?
False
Is 55 a factor of 13585?
True
Is 52 a factor of 2532?
False
Is 1062 a multiple of 12?
False
Is 128 a factor of 35968?
True
Does 124 divide 21328?
True
Is 816 a multiple of 24?
True
Is 334 a factor of 98002?
False
Does 123 divide 2337?
True
Is 20 a factor of 1106?
False
Is 13 a factor of 71162?
True
Is 13 a factor of 731?
False
Does 57 divide 532?
False
Is 216 a factor of 11636?
False
Is 22230 a multiple of 10?
True
Is 660 a multiple of 2?
True
Is 14 a factor of 1540?
True
Is 1716 a multiple of 21?
False
Is 1434 a multiple of 79?
False
Is 10 a factor of 70?
True
Is 176 a factor of 7692?
False
Is 14316 a multiple of 18?
False
Is 43 a factor of 516?
True
Is 1009 a multiple of 16?
False
Is 36518 a multiple of 19?
True
Does 6 divide 40?
False
Is 126 a multiple of 4?
False
Does 25 divide 11738?
False
Does 13 divide 130?
True
Does 16 divide 1776?
True
Does 34 divide 4124?
False
Is 417 a multiple of 22?
False
Is 98 a factor of 18849?
False
Is 450 a multiple of 45?
True
Does 16 divide 52496?
True
Is 28956 a multiple of 212?
False
Does 6 divide 1056?
True
Is 18 a factor of 54?
True
Does 45 divide 28718?
False
Is 320 a multiple of 80?
True
Does 127 divide 9280?
False
Does 8 divide 64?
True
Is 60 a factor of 3120?
True
Is 27